= n*a - 23*a + 10*a - 1. Give o(2).
-17
Suppose d - 7*d = 2442. Let t = 404 + d. Let m(o) = -5*o - 4. What is m(t)?
11
Let i(n) = 2*n - 4. Let s(o) = -7*o - 9. Let q = -55 + 53. Let f be s(q). Suppose 3*t + 11 = 2*b + 3*b, b = 3*t - f. Determine i(t).
2
Let v be 13596/759 + 12/138. Let h(b) = 2*b - 34. What is h(v)?
2
Let f(q) = -q**2 - 8*q - 3. Suppose -63*z = -58*z. Suppose 2*i - 3*d + 8*d + 71 = z, 2*i + 106 = 2*d. Let h = i - -39. Calculate f(h).
-12
Let n(b) = b**2 - 29*b - 130. Suppose -5*d = -2*l + 8, 5*l = -4*d + 6*d - 22. What is n(d)?
2
Let j(a) = 0*a**2 - 9*a - 2*a**2 + 3*a**2 + 2. Suppose 56*z - 61*z - 2*i + 51 = 0, -2*i = -5*z + 19. Determine j(z).
-12
Let u(n) = n + 8. Suppose 4*f - 7 - 5 = 0. Suppose -f*v - 8 - 7 = 3*j, 3*j = 3*v - 27. Determine u(j).
1
Suppose -69*j - 165*j - 100*j - 2004 = 0. Let v(l) = l**3 + 10*l**2 + 34*l + 66. What is v(j)?
6
Let c be (6/(-2) - (2 - 4)) + 184/46. Let b(j) = -6*j + 25. Give b(c).
7
Let i(u) = -u**3 - 9*u - 5 + 7*u**2 + 3*u**2 - 3. Let o be (43/(-86))/(1/(-2))*3. Suppose c - 14 = -2*g + 5*c, -g + o*c + 6 = 0. What is i(g)?
-8
Let x(i) be the first derivative of i**4/2 + 19*i**3/3 - 10*i + 4823. Calculate x(0).
-10
Let r(j) = -2*j**2 - 17*j - 15. Suppose 0 = 17*x + 37 + 99. What is r(x)?
-7
Let c(o) = o - 262288 + 524566 - 262326. What is c(17)?
-31
Suppose m - 4*b = 11, 6 = -5*m - b + 82. Let q(v) = 27*v - 11*v - 7*v - m*v. What is q(-1)?
6
Let c(b) = b**2 + 6*b + 15. Let w be (26/12 + -1)/(281/(-1686)). What is c(w)?
22
Let q(p) = -p**2 + 7*p + 4. Let r be (2 + 12/3)/(-2 + 1). Let d = 175 - 213. Let a be 155/93 + d/r. Determine q(a).
-4
Suppose 3*j + 48 = -5*j. Let a(g) = 3*g - 21. Let f be a(6). Let t(z) = z**2. Let p(l) = 4*l**2 + 7*l + 5. Let r(y) = f*t(y) + p(y). What is r(j)?
-1
Let u = -12 - -24. Suppose -3*z - u = 3. Let t(r) = -r**3 + r**2 + 3*r - 10. Let d(c) = c**3 - 2*c**2 - 3*c + 11. Let b(p) = -5*d(p) - 6*t(p). What is b(z)?
-5
Let q = -154 + 159. Let d(c) = 8*c - q*c - 2*c**2 - 7*c. What is d(-4)?
-16
Let f = -2429 + 2439. Let k(c) = c - 8. What is k(f)?
2
Let k be 3/(-48)*-4 + 10/80*-122. Let c(w) = -w**3 - 16*w**2 - 18*w - 4. Give c(k).
41
Let m(o) = -8*o - 2. Suppose -9 = -6*d + 3. Let t(f) = -3*f - 1. Let c(j) = d*m(j) - 5*t(j). Let w(x) = -7*x - 47. Let r be w(-6). Calculate c(r).
6
Let h(g) be the first derivative of 9/2*g**2 + 10*g - 10 + 1/3*g**3. Let f be ((-7)/2)/(1/2). Give h(f).
-4
Let g = -15 - -133. Let t = g - 112. Let i(b) = -b**2 + 6*b + 3. What is i(t)?
3
Suppose r + 2 = 3*u, 2*r + 2 = -24*u + 29*u. Let s(k) = -k**3 - 4 - 4*k + r*k**3 - 4*k**3 + 3*k - 5*k**2 - 3. Determine s(-5).
-2
Let r = -49 - -26. Let o = -23 - r. Suppose 2*m - 6*m = -3*s - 13, o = 2*s + 2*m - 10. Let j(c) = 14*c. What is j(s)?
14
Let s(n) = 4*n + 63. Let p be s(-15). Let t(c) = 2*c**3 - 5*c**2 + 5*c - 6. What is t(p)?
18
Let h(x) = 3*x**2 - 6*x + 3. Let w(y) = 11 + 7*y - 11*y - 9*y - 8*y + 14*y**2 - 5*y. Let k(u) = 9*h(u) - 2*w(u). Give k(-5).
-10
Let v(o) be the second derivative of -o**4/12 - 3*o**3/2 - 10*o**2 + 3523*o. Give v(-6).
-2
Let k(t) be the second derivative of t**3/2 - 9*t**2/2 + 147*t - 3. Give k(16).
39
Let k(j) = -j**2 - 5*j + 1. Let z be k(-3). Let o(s) = -8*s + s**2 + 2 - 3*s + 11*s - 6*s. Calculate o(z).
9
Let i(y) = -20*y**3 + 55*y**2 - 8*y + 52. Let j(v) = -13*v**3 + 36*v**2 - 5*v + 35. Let o(f) = 11*i(f) - 17*j(f). What is o(7)?
-44
Let p(h) = 488*h + 18. Let s(t) = -53*t - 1. Let v(k) = p(k) + 9*s(k). Give v(-3).
-24
Let i(b) be the first derivative of -3*b**2 - 2*b - 2*b + 138 - 3*b + 0*b + 2*b. Let z(u) = u**3 + 3*u**2 + u - 1. Let c be z(-3). Calculate i(c).
19
Let t(m) = 61*m - 119. Let g(z) = 148*z - 241. Let y(h) = 2*g(h) - 5*t(h). Determine y(15).
-22
Let g(j) = j**2 + j + 1. Let v(f) = f**2 - 9*f + 10. Let w be v(8). Let r(k) = -5*k - 22 + 4*k - w. Let y be r(-22). What is g(y)?
3
Let o(b) = -b**2 + 2*b + 4*b - b. Suppose 8789 = 31*m + 8603. What is o(m)?
-6
Let t(s) = 178*s + 6*s**2 - 177 + 179 - s**3 - 184*s. Calculate t(6).
-34
Let c(t) = 2*t**2 + 166*t + 495. Let d be c(-3). Let x(m) = m**2 - 18*m + 50. Determine x(d).
5
Let y(h) be the first derivative of h**3/3 - 5*h**2 + 16*h - 4748. Calculate y(3).
-5
Suppose 4*w = 5*i - 280, -2*w + 224 = 4*i - 0*w. Suppose -46 = i*l - 33*l. Let m(f) be the second derivative of f**3/2 + f**2 - f. Give m(l).
-4
Let z(r) = 243 - r - 135 + r**2 - 145 + 3*r. Calculate z(0).
-37
Let k(j) = j**3 - 13*j**2 + 15*j - 7. Let r be k(12). Suppose -c = 39 - r. Let u be (20/5 - 2)*c/4. Let i(h) = -h**2 - 3*h + 1. Determine i(u).
-9
Let v(t) = 5*t - 1. Suppose 0 = 5*o - 9*o + 128. Let h be -4 - (o/(-4) - -1). Give v(h).
14
Let q(d) = 3*d**2 + 2*d + 2. Let b(c) = 43 - 8*c + 3*c + 8*c - 64. Let p be b(6). Determine q(p).
23
Let u(v) = -2*v**3 + 22*v**2 - 20*v - 11. Let x = -13045 - -13055. Calculate u(x).
-11
Let l(i) = -285*i - 86*i**2 + 20 - 1 + 72*i**2 + 268*i + i**3. Give l(15).
-11
Let u(b) = 9*b + 79. Let t be u(-9). Let i(n) = n**3 + 10*n**2 + 7*n**2 + 5*n - 11*n - 15*n**2 + 5*n. Give i(t).
2
Let l(v) be the first derivative of v**4/4 + 7*v**3/3 - 7*v**2/2 - 2*v + 32. Let z(t) = -10*t - 44. Let m be z(-5). Suppose m*n = 14*n + 64. Give l(n).
-10
Let x(d) = -3*d**3 - 43*d**2 + 8*d + 314. Let t be x(-14). Let l(v) = -2*v + 6. Determine l(t).
-6
Let i(u) = u - 1. Let b = 855 + -857. Let l(q) = -4*q - 4. Let a(m) = -1. Let h(z) = 5*a(z) - l(z). Let o(n) = b*h(n) + 10*i(n). Give o(7).
6
Let w = 79 - 77. Suppose 3*y + w*q + 45 = 0, 0 = 2*y + 6*q - 2*q + 30. Let t(d) = d**3 + 14*d**2 - 16*d - 13. Calculate t(y).
2
Let g(q) be the third derivative of -q**4/3 + 188*q**3/3 + 17*q**2 - q - 5. Determine g(49).
-16
Suppose 6 = -y + 7. Let i(m) = 8*m - 7. Let s be i(y). Let z(q) = 20*q - 5*q**3 + 22*q - s + 26*q - 69*q + q**2. Give z(-1).
6
Let d(v) = -107*v + 6415. Let x be d(60). Let f(y) = -4*y - 14. Calculate f(x).
6
Let f(y) = -y**3 + y**2 + 7. Let o be f(0). Let h(z) be the second derivative of z**3/3 - 3*z**2/2 + 741*z. Calculate h(o).
11
Suppose 4*s - 3*z - 53 + 35 = 0, 2 = 2*s - 5*z. Let u(x) = s + 34*x - 17*x - 18*x - 1. Calculate u(16).
-11
Let m(f) be the third derivative of 10*f**2 + 0*f + 0*f**3 + 0 + 1/60*f**5 - 7/24*f**4. Suppose d = 3*d + 4*h - 26, 2*d - h = 11. Give m(d).
0
Let p(k) = -k**3 - 8*k**2 + 10*k + 7. Let j(a) = -a**2 + 43. Let r be j(-6). Suppose 0 = -d, r*d - 18 = 2*y + 4*d. Determine p(y).
-2
Suppose 33*f = 37*f - b - 82, -3*f - 3*b + 84 = 0. Let v(u) = -7*u + 159. What is v(f)?
5
Suppose -12 + 54 = 7*v. Suppose 11 = -v*p - 31. Let o(l) = -l**3 - 8*l**2 - 6*l + 6. Give o(p).
-1
Let h(o) = 10 + 1 + 49*o - 39 + 0 + 22. Determine h(2).
92
Let n(r) = 6*r**2 - 7*r - 9. Let b be (8/10)/2 - -31*189/(-4185). What is n(b)?
4
Suppose -509*z = -408*z - 202. Let q(l) = 6*l**2 - l. Give q(z).
22
Let l(g) = -g**2 - 7*g - 18. Let z(c) = -93*c - 1122. Let k be z(-12). What is l(k)?
-12
Let l(c) = -c - 5. Let z(g) = -5*g - 17. Suppose -45*y - 208 + 28 = 0. Let n(k) = y*l(k) + z(k). Give n(15).
-12
Let d(r) = -55*r - 14 + 4*r + 109*r + r**3 + 12*r**2 - 57*r. Give d(-12).
-26
Suppose -5*k + 33 = 3*y, -k - 23 = -4*k - 5*y. Let p(t) = -t + 25268 + t**2 - 25267 + k*t. Determine p(-4).
-3
Suppose 0 = -5*q + 4*q + 6. Suppose -24 + 12 = -q*o. Let m be (5/(-10) + -7)*o/(-3). Let v(x) = -x**2 + 4*x - 7. Determine v(m).
-12
Let p(l) = l + 5. Let g(i) = -2*i + 4*i + 67 - 56. Let d(r) = -3*g(r) + 7*p(r). Give d(-7).
-5
Let w be 6*((-16)/(-6))/4. Let l be w/14 - (-112)/(-49). Let q(c) = -21*c**2 + 5*c + 3. Let j(u) = 31*u**2 - 6*u - 3. Let o(b) = -2*j(b) - 3*q(b). What is o(l)?
7
Let s(h) be the second derivative of -h**5/20 - 3*h**4/4 + 5*h**3/3 + 27*h**2/2 - 6210*h. What is s(-10)?
27
Let y be 32/168*15*14/4. Let x(z) = -2*z + 4*z**2 - 3*z**2 + 4 + y*z. Let j be x(-8). Let r(o) = -2*o. What is r(j)?
-8
Suppose 3*w + p - 48 = 0, 0*w + 31 = 2*w + p. Let j(i) = -i**2 + 18*i - 25. Calculate j(w).
-8
Let s = -383538 + 383538. Let y(w) = -3*w - 4*w - w**2 + 6*w + 13. What is y(s)?
13
Let y(a) = -a**2 - 7*a - 10. Let v be y(-6). Let u be ((-2)/v)/(((-18)/(-20))/(-9)). Let n(k) be the first derivative of k**2 + 5*k - 42. What is n(u)?
-5
Let f(s) = -4*s**3 + 10*s**2 - 26*s + 6. Let z(y) = 3*y**3 - 8*y**2 + 26*y - 4. Let l(w) = -4*f(w) - 5*